{"id":24211,"date":"2024-11-05T13:11:14","date_gmt":"2024-11-05T12:11:14","guid":{"rendered":"https:\/\/vrtec-dragatu.splet.arnes.si\/?page_id=24211"},"modified":"2026-04-21T08:25:26","modified_gmt":"2026-04-21T06:25:26","slug":"domov","status":"publish","type":"page","link":"https:\/\/vrtec-dragatu.splet.arnes.si\/","title":{"rendered":"DOMOV"},"content":{"rendered":"<h1><strong><span style=\"color: #ff0000\">NOVOSTI<\/span><\/strong><\/h1>\n<ul>\n<li>PRVOMAJSKE PO\u010cITNICE &#8211; <a href=\"https:\/\/vrtec-dragatu.splet.arnes.si\/files\/2026\/04\/obvestilo-prvomajske.pdf\" target=\"_blank\" rel=\"noopener\">obvestilo<\/a><\/li>\n<li><a href=\"https:\/\/vrtec-dragatu.splet.arnes.si\/files\/2026\/01\/parkiranje.pdf\" target=\"_blank\" rel=\"noopener\"><span style=\"color: #ff0000\">PARKIRANJE&nbsp;<\/span><\/a><\/li>\n<li><a href=\"https:\/\/vrtec-dragatu.splet.arnes.si\/files\/2025\/11\/nabiralnik.pdf\" target=\"_blank\" rel=\"noopener\">NABIRALNIK<\/a><\/li>\n<\/ul>\n<p>&nbsp;<\/p>\n<ul>\n<li><span style=\"font-size: 14pt\">Obvestilo&nbsp; &nbsp; &nbsp; &nbsp; &nbsp; &nbsp; &nbsp; &nbsp; &nbsp; &nbsp; &nbsp; &nbsp; &nbsp; &nbsp; &nbsp; &nbsp; &nbsp; &nbsp; &nbsp; &nbsp; &nbsp; &nbsp; &nbsp; &nbsp; &nbsp; &nbsp; &nbsp; &nbsp; &nbsp; &nbsp; &nbsp; &nbsp; &nbsp; &nbsp; &nbsp; &nbsp; &nbsp; &nbsp; &nbsp; &nbsp; &nbsp; &nbsp; &nbsp; &nbsp; &nbsp; &nbsp; &nbsp; &nbsp; &nbsp; &nbsp; &nbsp; &nbsp; &nbsp; &nbsp; &nbsp; &nbsp; &nbsp; &nbsp; Z dana\u0161njim dnem,<span style=\"color: #ff0000\"> 20. 3. 2025<\/span>, bomo zaradi spremembe hi\u0161nega reda, od 8.00 do 12.00 ure zaklepali vhod v \u0161olo\/vrtec. V primeru, da pridete v \u010dasu zaklenjenih vrat, uporabite zvonec, ki je name\u0161\u010den na vratih oziroma pokli\u010dite na <a href=\"https:\/\/vrtec-dragatu.splet.arnes.si\/files\/2025\/03\/obestilo-za-na-vrata-2025.pdf\" target=\"_blank\" rel=\"noopener\">telefonske \u0161tevilke<\/a>.&nbsp; &nbsp; &nbsp; &nbsp; &nbsp; &nbsp; &nbsp; &nbsp; &nbsp; &nbsp; &nbsp; &nbsp; &nbsp; &nbsp; &nbsp; &nbsp; &nbsp; &nbsp; &nbsp; &nbsp; &nbsp; &nbsp; &nbsp; &nbsp; &nbsp; &nbsp; &nbsp; &nbsp; &nbsp; &nbsp; &nbsp; &nbsp; &nbsp; &nbsp; &nbsp; &nbsp; &nbsp; &nbsp; &nbsp; &nbsp; &nbsp; &nbsp; &nbsp; &nbsp; &nbsp; &nbsp; &nbsp; &nbsp; &nbsp; &nbsp; &nbsp; <\/span><span style=\"font-size: 14pt\">&nbsp; &nbsp; &nbsp; &nbsp; Hvala za razumevanje,&nbsp; &nbsp; &nbsp; &nbsp; &nbsp; &nbsp; &nbsp; &nbsp; &nbsp; &nbsp; &nbsp; &nbsp; &nbsp; &nbsp; &nbsp; &nbsp; &nbsp; &nbsp; &nbsp; &nbsp; &nbsp; &nbsp; &nbsp; &nbsp; &nbsp; &nbsp; &nbsp; &nbsp; &nbsp; &nbsp; &nbsp; &nbsp; &nbsp; &nbsp; &nbsp; &nbsp; &nbsp; &nbsp; &nbsp; &nbsp; &nbsp; &nbsp; &nbsp; &nbsp; &nbsp; &nbsp; &nbsp; &nbsp; &nbsp; &nbsp; &nbsp; &nbsp; &nbsp; &nbsp; &nbsp; &nbsp; &nbsp; &nbsp; &nbsp; &nbsp; &nbsp; &nbsp; &nbsp; &nbsp; &nbsp; &nbsp; &nbsp; &nbsp; &nbsp; &nbsp; &nbsp; &nbsp; &nbsp; &nbsp; &nbsp; &nbsp; &nbsp; &nbsp; &nbsp; &nbsp; &nbsp; &nbsp; &nbsp; &nbsp; &nbsp; &nbsp; &nbsp; &nbsp; vodstvo \u0161ole in vrtca<\/span><\/li>\n<\/ul>\n<p>&nbsp;<\/p>\n<ul>\n<li><span style=\"font-size: 12pt\">Center pomo\u010di pri prekomerni uporabi interneta Logout je pripravil smernice za uporabo zaslonov pri otrocih in mladostnikih ter priporo\u010dila za uporabo zaslonov pri mladih \u0161portnikih.<\/span><span style=\"font-size: 12pt\">Ve\u010d informacij o Logoutu:<\/span><span style=\"font-size: 12pt\"><a href=\"https:\/\/www.logout.org\/sl\/\" target=\"_blank\" rel=\"noopener noreferrer\" data-saferedirecturl=\"https:\/\/www.google.com\/url?q=https:\/\/www.logout.org\/sl\/&amp;source=gmail&amp;ust=1743673090687000&amp;usg=AOvVaw3X1g5VegAaK4nq5yDfPb2N\">Logout.org \/ Center pomo\u010di za zdravljenje odvisnosti od interneta<\/a><\/span><\/li>\n<\/ul>\n<h1><strong><span style=\"color: #ff0000\">AKTUALNO<\/span><\/strong><\/h1>\n<ul>\n<li>ZDRAVJE V VRTCU &#8211; <a href=\"https:\/\/vrtec-dragatu.splet.arnes.si\/files\/2024\/12\/Zlozenka-ZDRAVJE-V-VRTCU-preprecevanje-sirjenja-nalezljivih-bolezni-v-vrtcu-1.pdf\" target=\"_blank\" rel=\"noopener\">priporo\u010dila za star\u0161e<\/a> (Nijz)<\/li>\n<\/ul>\n","protected":false},"excerpt":{"rendered":"<p>NOVOSTI PRVOMAJSKE PO\u010cITNICE &#8211; obvestilo PARKIRANJE&nbsp; NABIRALNIK &nbsp; Obvestilo&nbsp; &nbsp; &nbsp; &nbsp; &nbsp; &nbsp; &nbsp; &nbsp; &nbsp; &nbsp; &nbsp; &nbsp; &nbsp; &nbsp; &nbsp; &nbsp; &nbsp; &nbsp; &nbsp; &nbsp; &nbsp; &nbsp; &nbsp; &nbsp; &nbsp; &nbsp; &nbsp; &nbsp; &nbsp; &nbsp; &nbsp; &nbsp; &hellip; <a href=\"https:\/\/vrtec-dragatu.splet.arnes.si\/\">Beri naprej <span class=\"meta-nav\">&rarr;<\/span><\/a><\/p>\n","protected":false},"author":93194,"featured_media":0,"parent":0,"menu_order":0,"comment_status":"closed","ping_status":"closed","template":"","meta":{"ngg_post_thumbnail":0,"footnotes":"","_expiration-date-status":"","_expiration-date":0,"_expiration-date-type":"","_expiration-date-categories":[],"_expiration-date-options":[]},"class_list":["post-24211","page","type-page","status-publish","hentry"],"_links":{"self":[{"href":"https:\/\/vrtec-dragatu.splet.arnes.si\/index.php?rest_route=\/wp\/v2\/pages\/24211","targetHints":{"allow":["GET"]}}],"collection":[{"href":"https:\/\/vrtec-dragatu.splet.arnes.si\/index.php?rest_route=\/wp\/v2\/pages"}],"about":[{"href":"https:\/\/vrtec-dragatu.splet.arnes.si\/index.php?rest_route=\/wp\/v2\/types\/page"}],"author":[{"embeddable":true,"href":"https:\/\/vrtec-dragatu.splet.arnes.si\/index.php?rest_route=\/wp\/v2\/users\/93194"}],"replies":[{"embeddable":true,"href":"https:\/\/vrtec-dragatu.splet.arnes.si\/index.php?rest_route=%2Fwp%2Fv2%2Fcomments&post=24211"}],"version-history":[{"count":15,"href":"https:\/\/vrtec-dragatu.splet.arnes.si\/index.php?rest_route=\/wp\/v2\/pages\/24211\/revisions"}],"predecessor-version":[{"id":24901,"href":"https:\/\/vrtec-dragatu.splet.arnes.si\/index.php?rest_route=\/wp\/v2\/pages\/24211\/revisions\/24901"}],"wp:attachment":[{"href":"https:\/\/vrtec-dragatu.splet.arnes.si\/index.php?rest_route=%2Fwp%2Fv2%2Fmedia&parent=24211"}],"curies":[{"name":"wp","href":"https:\/\/api.w.org\/{rel}","templated":true}]}}